{"id":304,"date":"2022-11-23T17:15:27","date_gmt":"2022-11-23T17:15:27","guid":{"rendered":"http:\/\/www.benalmadenaasesores.es\/?page_id=304"},"modified":"2022-11-24T15:15:02","modified_gmt":"2022-11-24T15:15:02","slug":"luat-hanh-chinh","status":"publish","type":"page","link":"https:\/\/benalmadenaasesores.es\/?page_id=304&lang=vi","title":{"rendered":"<strong>LU\u1eacT H\u00c0NH CH\u00cdNH<\/strong>"},"content":{"rendered":"\n<p>T\u1ea5t c\u1ea3 ch\u00fang ta \u0111\u1ec1u bi\u1ebft nh\u1eefng kh\u00f3 kh\u0103n tr\u1ea7m tr\u1ecdng m\u00e0 kh\u00e1ch h\u00e0ng g\u1eb7p ph\u1ea3i khi h\u1ecd ph\u1ea3i y\u00eau c\u1ea7u b\u1ed3i th\u01b0\u1eddng ho\u1eb7c t\u1ef1 b\u1ea3o v\u1ec7 m\u00ecnh tr\u01b0\u1edbc C\u01a1 quan H\u00e0nh ch\u00ednh. \u0110\u00e2y l\u00e0 m\u1ed9t c\u00f4ng vi\u1ec7c r\u1ea5t ph\u1ee9c t\u1ea1p, v\u00ec Lu\u1eadt H\u00e0nh ch\u00ednh l\u00e0 m\u1ed9t ph\u1ea7n c\u1ee7a Lu\u1eadt theo ch\u1ee7 ngh\u0129a h\u00ecnh th\u1ee9c, b\u1eaft bu\u1ed9c ng\u01b0\u1eddi d\u00e2n ph\u1ea3i tu\u00e2n th\u1ee7 \u0111\u00fang lu\u1eadt. Lu\u1eadt n\u00e0y tu\u00e2n theo nhi\u1ec1u nguy\u00ean t\u1eafc nh\u01b0 t\u00ednh h\u1ee3p ph\u00e1p, an ninh ph\u00e1p l\u00fd, t\u00ednh \u0111i\u1ec3n h\u00ecnh, b\u1ea3o l\u01b0u lu\u1eadt, v.v. v\u00e0 c\u00e1c n\u00e0y ch\u1ec9 c\u00f3 th\u1ec3 \u0111\u01b0\u1ee3c t\u1ed5ng h\u1ee3p b\u1edfi m\u1ed9t ngu\u1ed3n l\u1ef1c h\u00f9ng h\u1eadu s\u1eb5n c\u00f3 c\u1ee7a C\u01a1 quan h\u00e0nh ch\u00ednh nh\u01b0 m\u1ed9t \u0111\u1ed9i ng\u0169 lu\u1eadt s\u01b0 c\u00f3 chuy\u00ean m\u00f4n cao trong l\u0129nh v\u1ef1c, ngu\u1ed3n nh\u00e2n l\u1ef1c v\u00e0 v\u1eadt l\u1ef1c gi\u00fap h\u1ecd c\u00f3 chi\u1ebfn l\u01b0\u1ee3c v\u01b0\u1ee3t tr\u1ed9i h\u01a1n nhi\u1ec1u so v\u1edbi ng\u01b0\u1eddi d\u00e2n th\u00f4ng th\u01b0\u1eddng. V\u00e0 \u0111i\u1ec1u n\u00e0y c\u00f3 ngh\u0129a l\u00e0 kh\u00e1ch h\u00e0ng c\u1ee7a ch\u00fang t\u00f4i c\u1ea7n c\u00f3 t\u01b0 v\u1ea5n vi\u00ean c\u00f3 kh\u1ea3 n\u0103ng c\u00e2n b\u1eb1ng s\u1ef1 c\u00e1ch bi\u1ec7t l\u1edbn gi\u1eefa c\u01a1 quan H\u00e0nh ch\u00ednh v\u00e0 kh\u00e1ch h\u00e0ng.<\/p>\n\n\n\n<p>\u0110\u00f3 l\u00e0 l\u00fd do t\u1ea1i sao v\u1edbi v\u0103n ph\u00f2ng lu\u1eadt c\u1ee7a m\u00ecnh, ch\u00fang t\u00f4i mang t\u00ednh cam k\u1ebft cao tham d\u1ef1 v\u00e0o cu\u1ed9c chi\u1ebfn n\u00e0y v\u00e0 v\u1edbi ki\u1ebfn th\u1ee9c c\u1ee7a m\u00ecnh, ch\u00fang t\u00f4i tin ch\u1eafc r\u1eb1ng ch\u00fang t\u00f4i c\u00f3 th\u1ec3 d\u00f9ng v\u0169 kh\u00ed c\u1ee7a m\u00ecnh \u0111\u1ea5u tranh ch\u1ed1ng l\u1ea1i c\u01a1 quan H\u00e0nh ch\u00ednh\u00a0 b\u1eb1ng c\u00e1ch \u0111\u01b0a ra c\u00e1c kh\u00e1ng c\u00e1o, khi\u1ebfu n\u1ea1i, ki\u1ec7n t\u1ee5ng, v.v.. ch\u1ed1ng l\u1ea1i b\u1ea5t k\u1ef3 c\u1ea3n tr\u1edf h\u00e0nh ch\u00ednh n\u00e0o c\u1ee7a Ch\u00ednh quy\u1ec1n, v\u00e0 t\u1eeb \u0111\u00f3 mang \u0111\u1ebfn s\u1ef1 h\u00e0i l\u00f2ng cho kh\u00e1ch h\u00e0ng.<\/p>\n\n\n\n<figure class=\"wp-block-image size-full\"><img loading=\"lazy\" decoding=\"async\" width=\"820\" height=\"331\" src=\"http:\/\/www.benalmadenaasesores.es\/wp-content\/uploads\/2022\/11\/analisis-de-datos.jpg\" alt=\"\" class=\"wp-image-119\" srcset=\"https:\/\/benalmadenaasesores.es\/wp-content\/uploads\/2022\/11\/analisis-de-datos.jpg 820w, https:\/\/benalmadenaasesores.es\/wp-content\/uploads\/2022\/11\/analisis-de-datos-300x121.jpg 300w, https:\/\/benalmadenaasesores.es\/wp-content\/uploads\/2022\/11\/analisis-de-datos-768x310.jpg 768w\" sizes=\"auto, (max-width: 820px) 100vw, 820px\" \/><\/figure>\n\n\n\n<p>N\u1ebfu b\u1ea1n c\u1ea7n \u0111\u01b0\u1ee3c t\u01b0 v\u1ea5n, xin vui l\u00f2ng \u0111i\u1ec1n v\u00e0o d\u1eef li\u1ec7u d\u01b0\u1edbi \u0111\u00e2y:<\/p>\n\n\n\n<div class=\"wp-block-contact-form-7-contact-form-selector\"><div role=\"form\" class=\"wpcf7\" id=\"wpcf7-f361-o1\" lang=\"es-ES\" dir=\"ltr\">\n<div class=\"screen-reader-response\"><p role=\"status\" aria-live=\"polite\" aria-atomic=\"true\"><\/p> <ul><\/ul><\/div>\n<form action=\"\/index.php?rest_route=%2Fwp%2Fv2%2Fpages%2F304#wpcf7-f361-o1\" method=\"post\" class=\"wpcf7-form init\" novalidate=\"novalidate\" data-status=\"init\">\n<div style=\"display: none;\">\n<input type=\"hidden\" name=\"_wpcf7\" value=\"361\" \/>\n<input type=\"hidden\" name=\"_wpcf7_version\" value=\"5.6.4\" \/>\n<input type=\"hidden\" name=\"_wpcf7_locale\" value=\"es_ES\" \/>\n<input type=\"hidden\" name=\"_wpcf7_unit_tag\" value=\"wpcf7-f361-o1\" \/>\n<input type=\"hidden\" name=\"_wpcf7_container_post\" value=\"0\" \/>\n<input type=\"hidden\" name=\"_wpcf7_posted_data_hash\" value=\"\" \/>\n<\/div>\n<p><label> T\u00ean:<br \/>\n    <span class=\"wpcf7-form-control-wrap\" data-name=\"your-name\"><input type=\"text\" name=\"your-name\" value=\"\" size=\"40\" class=\"wpcf7-form-control wpcf7-text wpcf7-validates-as-required\" aria-required=\"true\" aria-invalid=\"false\" \/><\/span> <\/label><\/p>\n<p><label> \u0110\u1ecba ch\u1ec9:<br \/>\n    <span class=\"wpcf7-form-control-wrap\" data-name=\"direccion\"><input type=\"text\" name=\"direccion\" value=\"\" size=\"40\" class=\"wpcf7-form-control wpcf7-text wpcf7-validates-as-required\" aria-required=\"true\" aria-invalid=\"false\" \/><\/span> <\/label><\/p>\n<p><label> Email:<br \/>\n    <span class=\"wpcf7-form-control-wrap\" data-name=\"your-email\"><input type=\"email\" name=\"your-email\" value=\"\" size=\"40\" class=\"wpcf7-form-control wpcf7-text wpcf7-email wpcf7-validates-as-required wpcf7-validates-as-email\" aria-required=\"true\" aria-invalid=\"false\" \/><\/span> <\/label><\/p>\n<p><label> Th\u00f4ng tin c\u1ea7n t\u01b0 v\u1ea5n :<br \/>\n    <span class=\"wpcf7-form-control-wrap\" data-name=\"your-message\"><textarea name=\"your-message\" cols=\"40\" rows=\"10\" class=\"wpcf7-form-control wpcf7-textarea\" aria-invalid=\"false\"><\/textarea><\/span> <\/label><\/p>\n<p>T\u00f4i ch\u1ea5p nh\u1eadn th\u00f4ng b\u00e1o ph\u00e1p l\u00fd\/ch\u00ednh s\u00e1ch b\u1ea3o m\u1eadt<\/p>\n<p><input type=\"submit\" value=\"G\u1eedi y\u00eau c\u1ea7u t\u01b0 v\u1ea5n\" class=\"wpcf7-form-control has-spinner wpcf7-submit\" \/><\/p>\n<div class=\"wpcf7-response-output\" aria-hidden=\"true\"><\/div><\/form><\/div><\/div>\n\n\n\n<p><\/p>\n","protected":false},"excerpt":{"rendered":"<p>T\u1ea5t c\u1ea3 ch\u00fang ta \u0111\u1ec1u bi\u1ebft nh\u1eefng kh\u00f3 kh\u0103n tr\u1ea7m tr\u1ecdng m\u00e0 kh\u00e1ch h\u00e0ng g\u1eb7p ph\u1ea3i khi h\u1ecd ph\u1ea3i y\u00eau c\u1ea7u b\u1ed3i th\u01b0\u1eddng ho\u1eb7c t\u1ef1 b\u1ea3o v\u1ec7 m\u00ecnh tr\u01b0\u1edbc C\u01a1 quan H\u00e0nh ch\u00ednh. \u0110\u00e2y l\u00e0 m\u1ed9t c\u00f4ng vi\u1ec7c r\u1ea5t ph\u1ee9c t\u1ea1p, v\u00ec Lu\u1eadt H\u00e0nh ch\u00ednh l\u00e0 m\u1ed9t ph\u1ea7n c\u1ee7a Lu\u1eadt theo ch\u1ee7 ngh\u0129a h\u00ecnh th\u1ee9c, [&hellip;]<\/p>\n","protected":false},"author":1,"featured_media":0,"parent":0,"menu_order":0,"comment_status":"closed","ping_status":"closed","template":"","meta":{"hide_page_title":"","_coblocks_attr":"","_coblocks_dimensions":"","_coblocks_responsive_height":"","_coblocks_accordion_ie_support":"","footnotes":""},"class_list":["post-304","page","type-page","status-publish","hentry"],"_links":{"self":[{"href":"https:\/\/benalmadenaasesores.es\/index.php?rest_route=\/wp\/v2\/pages\/304","targetHints":{"allow":["GET"]}}],"collection":[{"href":"https:\/\/benalmadenaasesores.es\/index.php?rest_route=\/wp\/v2\/pages"}],"about":[{"href":"https:\/\/benalmadenaasesores.es\/index.php?rest_route=\/wp\/v2\/types\/page"}],"author":[{"embeddable":true,"href":"https:\/\/benalmadenaasesores.es\/index.php?rest_route=\/wp\/v2\/users\/1"}],"replies":[{"embeddable":true,"href":"https:\/\/benalmadenaasesores.es\/index.php?rest_route=%2Fwp%2Fv2%2Fcomments&post=304"}],"version-history":[{"count":3,"href":"https:\/\/benalmadenaasesores.es\/index.php?rest_route=\/wp\/v2\/pages\/304\/revisions"}],"predecessor-version":[{"id":374,"href":"https:\/\/benalmadenaasesores.es\/index.php?rest_route=\/wp\/v2\/pages\/304\/revisions\/374"}],"wp:attachment":[{"href":"https:\/\/benalmadenaasesores.es\/index.php?rest_route=%2Fwp%2Fv2%2Fmedia&parent=304"}],"curies":[{"name":"wp","href":"https:\/\/api.w.org\/{rel}","templated":true}]}}