{"id":81,"date":"2022-11-21T17:20:51","date_gmt":"2022-11-21T17:20:51","guid":{"rendered":"http:\/\/www.benalmadenaasesores.es\/?page_id=81"},"modified":"2022-11-22T15:58:16","modified_gmt":"2022-11-22T15:58:16","slug":"derecho-civil","status":"publish","type":"page","link":"https:\/\/benalmadenaasesores.es\/?page_id=81","title":{"rendered":"DERECHO CIVIL"},"content":{"rendered":"\n<p class=\"coblocks-animate\" data-coblocks-animation=\"slideInLeft\">Todas las personas lamentablemente sufren accidentes ya sean de tr\u00e1fico, andando en la misma v\u00eda publica, o tienen que hacer reclamaciones por deudas contra\u00eddas con otras personas, reciben una herencia o quieren hacer un testamento a sus familiares, etc. \u00a0Todas estas cuestiones <strong>son tratadas<\/strong> desde nuestro despacho y asesoramos para ello a nuestros clientes de la forma mas beneficiosa para que consigan sus pretensiones.<\/p>\n\n\n<div class=\"wp-block-image is-style-bottom-wave\">\n<figure class=\"aligncenter size-full is-resized coblocks-animate\" data-coblocks-animation=\"zoomIn\"><img loading=\"lazy\" decoding=\"async\" src=\"http:\/\/www.benalmadenaasesores.es\/wp-content\/uploads\/2022\/11\/apreton-de-manos.jpg\" alt=\"\" class=\"wp-image-127\" width=\"438\" height=\"194\" srcset=\"https:\/\/benalmadenaasesores.es\/wp-content\/uploads\/2022\/11\/apreton-de-manos.jpg 900w, https:\/\/benalmadenaasesores.es\/wp-content\/uploads\/2022\/11\/apreton-de-manos-300x133.jpg 300w, https:\/\/benalmadenaasesores.es\/wp-content\/uploads\/2022\/11\/apreton-de-manos-768x341.jpg 768w\" sizes=\"auto, (max-width: 438px) 100vw, 438px\" \/><\/figure>\n<\/div>\n\n\n<p class=\"coblocks-animate\" data-coblocks-animation=\"slideInRight\">Para ello estudiamos su asunto y le damos la soluci\u00f3n que creemos que es la adecuada y por supuesto intentando desde el principio llegar con la otra parte a un acuerdo extrajudicial satisfactorio antes de ir a la v\u00eda judicial, presentando todo tipo de escritos, burofax, etc para defender mejor los intereses de nuestros clientes<\/p>\n\n\n\n<p><\/p>\n\n\n\n<p>Puede pedir informaci\u00f3n desde aqu\u00ed indicando sus datos:.<\/p>\n\n\n\n<div class=\"wp-block-contact-form-7-contact-form-selector\"><div role=\"form\" class=\"wpcf7\" id=\"wpcf7-f106-o1\" lang=\"es-ES\" dir=\"ltr\">\n<div class=\"screen-reader-response\"><p role=\"status\" aria-live=\"polite\" aria-atomic=\"true\"><\/p> <ul><\/ul><\/div>\n<form action=\"\/index.php?rest_route=%2Fwp%2Fv2%2Fpages%2F81#wpcf7-f106-o1\" method=\"post\" class=\"wpcf7-form init\" novalidate=\"novalidate\" data-status=\"init\">\n<div style=\"display: none;\">\n<input type=\"hidden\" name=\"_wpcf7\" value=\"106\" \/>\n<input type=\"hidden\" name=\"_wpcf7_version\" value=\"5.6.4\" \/>\n<input type=\"hidden\" name=\"_wpcf7_locale\" value=\"es_ES\" \/>\n<input type=\"hidden\" name=\"_wpcf7_unit_tag\" value=\"wpcf7-f106-o1\" \/>\n<input type=\"hidden\" name=\"_wpcf7_container_post\" value=\"0\" \/>\n<input type=\"hidden\" name=\"_wpcf7_posted_data_hash\" value=\"\" \/>\n<\/div>\n<p><label> Nombre<br \/>\n    <span class=\"wpcf7-form-control-wrap\" data-name=\"your-name\"><input type=\"text\" name=\"your-name\" value=\"\" size=\"40\" class=\"wpcf7-form-control wpcf7-text wpcf7-validates-as-required\" aria-required=\"true\" aria-invalid=\"false\" \/><\/span> <\/label><br \/>\n<label> Direcci\u00f3n<br \/>\n   <span class=\"wpcf7-form-control-wrap\" data-name=\"direccion\"><input type=\"text\" name=\"direccion\" value=\"\" size=\"40\" class=\"wpcf7-form-control wpcf7-text wpcf7-validates-as-required\" aria-required=\"true\" aria-invalid=\"false\" \/><\/span> <\/label><br \/>\n<label> Tu correo electr\u00f3nico<br \/>\n    <span class=\"wpcf7-form-control-wrap\" data-name=\"your-email\"><input type=\"email\" name=\"your-email\" value=\"\" size=\"40\" class=\"wpcf7-form-control wpcf7-text wpcf7-email wpcf7-validates-as-required wpcf7-validates-as-email\" aria-required=\"true\" aria-invalid=\"false\" \/><\/span> <\/label><br \/>\n<label> Qu\u00e9 consulta quiere realizar:<br \/>\n    <span class=\"wpcf7-form-control-wrap\" data-name=\"your-message\"><textarea name=\"your-message\" cols=\"40\" rows=\"10\" class=\"wpcf7-form-control wpcf7-textarea\" aria-invalid=\"false\"><\/textarea><\/span> <\/label><br \/>\n<input type=\"submit\" value=\"Enviar\" class=\"wpcf7-form-control has-spinner wpcf7-submit\" \/><\/p>\n<div class=\"wpcf7-response-output\" aria-hidden=\"true\"><\/div><\/form><\/div><\/div>\n","protected":false},"excerpt":{"rendered":"<p>Todas las personas lamentablemente sufren accidentes ya sean de tr\u00e1fico, andando en la misma v\u00eda publica, o tienen que hacer reclamaciones por deudas contra\u00eddas con otras personas, reciben una herencia o quieren hacer un testamento a sus familiares, etc. \u00a0Todas estas cuestiones son tratadas desde nuestro despacho y asesoramos para ello a nuestros clientes de [&hellip;]<\/p>\n","protected":false},"author":1,"featured_media":0,"parent":0,"menu_order":0,"comment_status":"closed","ping_status":"closed","template":"","meta":{"hide_page_title":"","_coblocks_attr":"","_coblocks_dimensions":"","_coblocks_responsive_height":"","_coblocks_accordion_ie_support":"","footnotes":""},"class_list":["post-81","page","type-page","status-publish","hentry"],"_links":{"self":[{"href":"https:\/\/benalmadenaasesores.es\/index.php?rest_route=\/wp\/v2\/pages\/81","targetHints":{"allow":["GET"]}}],"collection":[{"href":"https:\/\/benalmadenaasesores.es\/index.php?rest_route=\/wp\/v2\/pages"}],"about":[{"href":"https:\/\/benalmadenaasesores.es\/index.php?rest_route=\/wp\/v2\/types\/page"}],"author":[{"embeddable":true,"href":"https:\/\/benalmadenaasesores.es\/index.php?rest_route=\/wp\/v2\/users\/1"}],"replies":[{"embeddable":true,"href":"https:\/\/benalmadenaasesores.es\/index.php?rest_route=%2Fwp%2Fv2%2Fcomments&post=81"}],"version-history":[{"count":6,"href":"https:\/\/benalmadenaasesores.es\/index.php?rest_route=\/wp\/v2\/pages\/81\/revisions"}],"predecessor-version":[{"id":129,"href":"https:\/\/benalmadenaasesores.es\/index.php?rest_route=\/wp\/v2\/pages\/81\/revisions\/129"}],"wp:attachment":[{"href":"https:\/\/benalmadenaasesores.es\/index.php?rest_route=%2Fwp%2Fv2%2Fmedia&parent=81"}],"curies":[{"name":"wp","href":"https:\/\/api.w.org\/{rel}","templated":true}]}}